{"id":2,"date":"2010-04-20T22:03:53","date_gmt":"2010-04-20T22:03:53","guid":{"rendered":"http:\/\/tanja-pahrmann.de\/cms\/?page_id=2"},"modified":"2018-10-19T10:20:28","modified_gmt":"2018-10-19T10:20:28","slug":"eine-seite","status":"publish","type":"page","link":"https:\/\/www.tanja-pahrmann.de\/cms\/","title":{"rendered":"Willkommen&#8230;"},"content":{"rendered":"<p>&#8230; auf meiner Seite.<\/p>\n<p>Hier m\u00f6chte ich euch etwas \u00fcber mein musikalisches Leben und meine Projekte erz\u00e4hlen.<\/p>\n<p>Ich bin\u00a0 Berufss\u00e4ngerin mit einem breiten stilistischen Spektrum.<br \/>\nMeine musikalischen Erfahrungen als Fronts\u00e4ngerin (Leadgesang), sowie auch im Backingvocal-Bereich reichen von Rock, Pop, Soul\u00a0 \u00fcber Schlager bis Klassik.\u00a0 Seit mehr als 15 Jahren stehe ich mehrmals w\u00f6chentlich auf den B\u00fchnen Deutschlands und habe so viele Erfahrungen gesammelt.<\/p>\n<p>Braucht ihr ein musikalisches Highlight f\u00fcr eure Veranstaltung?<\/p>\n<p>Dann k\u00f6nnt ihr mich gerne buchen.<\/p>\n<p>Da ich mit mehreren Bands zusammenarbeite kann ich jede Art von Veranstaltung abdecken.<\/p>\n<p>Ihr k\u00f6nnt mich aber auch Solo buchen.<\/p>\n<p>Ruft mich doch einfach an oder schreibt mir eine Email.<\/p>\n<p>Eure Tanja<\/p>\n<p>Weiter Infos auch unter: <a href=\"https:\/\/www.bei-uns-in-neuwulmstorf.de\/musik-kultur\/tanja-pahrmann-vocalist\/\" target=\"_blank\" rel=\"noopener\">Link &#8211; (www.bei-uns-in-neuwulmstorf.de)<\/a><\/p>\n<p>&nbsp;<\/p>\n<figure class=\"wp-block-embed wp-block-embed-youtube is-type-video is-provider-youtube epyt-figure\"><div class=\"wp-block-embed__wrapper\"><div class=\"epyt-video-wrapper\"><iframe  id=\"_ytid_12675\"  width=\"960\" height=\"540\"  data-origwidth=\"960\" data-origheight=\"540\" src=\"https:\/\/www.youtube.com\/embed\/sV-mHzTF3n4?enablejsapi=1&autoplay=0&cc_load_policy=0&cc_lang_pref=&iv_load_policy=1&loop=0&rel=0&fs=1&playsinline=0&autohide=2&theme=dark&color=red&controls=1&\" class=\"__youtube_prefs__  no-lazyload\" title=\"YouTube player\"  allow=\"fullscreen; accelerometer; autoplay; clipboard-write; encrypted-media; gyroscope; picture-in-picture; web-share\" referrerpolicy=\"strict-origin-when-cross-origin\" allowfullscreen data-no-lazy=\"1\" data-skipgform_ajax_framebjll=\"\"><\/iframe><\/div><\/div><\/figure>\n<p>&nbsp;<\/p>\n<figure class=\"wp-block-embed wp-block-embed-youtube is-type-video is-provider-youtube epyt-figure\"><div class=\"wp-block-embed__wrapper\"><div class=\"epyt-video-wrapper\"><iframe  id=\"_ytid_95110\"  width=\"960\" height=\"540\"  data-origwidth=\"960\" data-origheight=\"540\" src=\"https:\/\/www.youtube.com\/embed\/_D_i2CjvdsM?enablejsapi=1&autoplay=0&cc_load_policy=0&cc_lang_pref=&iv_load_policy=1&loop=0&rel=0&fs=1&playsinline=0&autohide=2&theme=dark&color=red&controls=1&\" class=\"__youtube_prefs__  no-lazyload\" title=\"YouTube player\"  allow=\"fullscreen; accelerometer; autoplay; clipboard-write; encrypted-media; gyroscope; picture-in-picture; web-share\" referrerpolicy=\"strict-origin-when-cross-origin\" allowfullscreen data-no-lazy=\"1\" data-skipgform_ajax_framebjll=\"\"><\/iframe><\/div><\/div><\/figure>\n","protected":false},"excerpt":{"rendered":"<p>&#8230; auf meiner Seite. Hier m\u00f6chte ich euch etwas \u00fcber mein musikalisches Leben und meine Projekte erz\u00e4hlen. Ich bin\u00a0 Berufss\u00e4ngerin mit einem breiten stilistischen Spektrum. Meine musikalischen Erfahrungen als Fronts\u00e4ngerin (Leadgesang), sowie auch im Backingvocal-Bereich reichen von Rock, Pop, Soul\u00a0 \u00fcber Schlager bis Klassik.\u00a0 Seit mehr als 15 Jahren stehe ich mehrmals w\u00f6chentlich auf den B\u00fchnen Deutschlands und habe so viele Erfahrungen gesammelt. Braucht ihr ein musikalisches Highlight f\u00fcr eure Veranstaltung? Dann k\u00f6nnt ihr mich gerne buchen. Da ich mit mehreren Bands zusammenarbeite kann ich jede Art von Veranstaltung abdecken. Ihr k\u00f6nnt mich aber auch Solo buchen. Ruft mich doch einfach an oder schreibt mir eine Email. Eure Tanja Weiter Infos auch unter: Link &#8211; (www.bei-uns-in-neuwulmstorf.de) &nbsp; &nbsp;<\/p>\n","protected":false},"author":1,"featured_media":0,"parent":0,"menu_order":0,"comment_status":"open","ping_status":"open","template":"","meta":{"footnotes":""},"class_list":["post-2","page","type-page","status-publish","hentry"],"_links":{"self":[{"href":"https:\/\/www.tanja-pahrmann.de\/cms\/wp-json\/wp\/v2\/pages\/2","targetHints":{"allow":["GET"]}}],"collection":[{"href":"https:\/\/www.tanja-pahrmann.de\/cms\/wp-json\/wp\/v2\/pages"}],"about":[{"href":"https:\/\/www.tanja-pahrmann.de\/cms\/wp-json\/wp\/v2\/types\/page"}],"author":[{"embeddable":true,"href":"https:\/\/www.tanja-pahrmann.de\/cms\/wp-json\/wp\/v2\/users\/1"}],"replies":[{"embeddable":true,"href":"https:\/\/www.tanja-pahrmann.de\/cms\/wp-json\/wp\/v2\/comments?post=2"}],"version-history":[{"count":32,"href":"https:\/\/www.tanja-pahrmann.de\/cms\/wp-json\/wp\/v2\/pages\/2\/revisions"}],"predecessor-version":[{"id":255,"href":"https:\/\/www.tanja-pahrmann.de\/cms\/wp-json\/wp\/v2\/pages\/2\/revisions\/255"}],"wp:attachment":[{"href":"https:\/\/www.tanja-pahrmann.de\/cms\/wp-json\/wp\/v2\/media?parent=2"}],"curies":[{"name":"wp","href":"https:\/\/api.w.org\/{rel}","templated":true}]}}

<p>&#8230; auf meiner Seite.</p>
<p>Hier möchte ich euch etwas über mein musikalisches Leben und meine Projekte erzählen.</p>
<p>Ich bin  Berufssängerin mit einem breiten stilistischen Spektrum.<br />
Meine musikalischen Erfahrungen als Frontsängerin (Leadgesang), sowie auch im Backingvocal-Bereich reichen von Rock, Pop, Soul  über Schlager bis Klassik.  Seit mehr als 15 Jahren stehe ich mehrmals wöchentlich auf den Bühnen Deutschlands und habe so viele Erfahrungen gesammelt.</p>
<p>Braucht ihr ein musikalisches Highlight für eure Veranstaltung?</p>
<p>Dann könnt ihr mich gerne buchen.</p>
<p>Da ich mit mehreren Bands zusammenarbeite kann ich jede Art von Veranstaltung abdecken.</p>
<p>Ihr könnt mich aber auch Solo buchen.</p>
<p>Ruft mich doch einfach an oder schreibt mir eine Email.</p>
<p>Eure Tanja</p>
<p>Weiter Infos auch unter: <a href="https://www.bei-uns-in-neuwulmstorf.de/musik-kultur/tanja-pahrmann-vocalist/" target="_blank" rel="noopener">Link &#8211; (www.bei-uns-in-neuwulmstorf.de)</a></p>
<p>&nbsp;</p>
<figure class="wp-block-embed wp-block-embed-youtube is-type-video is-provider-youtube epyt-figure"><div class="wp-block-embed__wrapper"><div class="epyt-video-wrapper"><iframe  id="_ytid_12675"  width="960" height="540"  data-origwidth="960" data-origheight="540" src="https://www.youtube.com/embed/sV-mHzTF3n4?enablejsapi=1&autoplay=0&cc_load_policy=0&cc_lang_pref=&iv_load_policy=1&loop=0&rel=0&fs=1&playsinline=0&autohide=2&theme=dark&color=red&controls=1&" class="__youtube_prefs__  no-lazyload" title="YouTube player"  allow="fullscreen; accelerometer; autoplay; clipboard-write; encrypted-media; gyroscope; picture-in-picture; web-share" referrerpolicy="strict-origin-when-cross-origin" allowfullscreen data-no-lazy="1" data-skipgform_ajax_framebjll=""></iframe></div></div></figure>
<p>&nbsp;</p>
<figure class="wp-block-embed wp-block-embed-youtube is-type-video is-provider-youtube epyt-figure"><div class="wp-block-embed__wrapper"><div class="epyt-video-wrapper"><iframe  id="_ytid_95110"  width="960" height="540"  data-origwidth="960" data-origheight="540" src="https://www.youtube.com/embed/_D_i2CjvdsM?enablejsapi=1&autoplay=0&cc_load_policy=0&cc_lang_pref=&iv_load_policy=1&loop=0&rel=0&fs=1&playsinline=0&autohide=2&theme=dark&color=red&controls=1&" class="__youtube_prefs__  no-lazyload" title="YouTube player"  allow="fullscreen; accelerometer; autoplay; clipboard-write; encrypted-media; gyroscope; picture-in-picture; web-share" referrerpolicy="strict-origin-when-cross-origin" allowfullscreen data-no-lazy="1" data-skipgform_ajax_framebjll=""></iframe></div></div></figure>

<p>&#8230; auf meiner Seite. Hier möchte ich euch etwas über mein musikalisches Leben und meine Projekte erzählen. Ich bin  Berufssängerin mit einem breiten stilistischen Spektrum. Meine musikalischen Erfahrungen als Frontsängerin (Leadgesang), sowie auch im Backingvocal-Bereich reichen von Rock, Pop, Soul  über Schlager bis Klassik.  Seit mehr als 15 Jahren stehe ich mehrmals wöchentlich auf den Bühnen Deutschlands und habe so viele Erfahrungen gesammelt. Braucht ihr ein musikalisches Highlight für eure Veranstaltung? Dann könnt ihr mich gerne buchen. Da ich mit mehreren Bands zusammenarbeite kann ich jede Art von Veranstaltung abdecken. Ihr könnt mich aber auch Solo buchen. Ruft mich doch einfach an oder schreibt mir eine Email. Eure Tanja Weiter Infos auch unter: Link &#8211; (www.bei-uns-in-neuwulmstorf.de) &nbsp; &nbsp;</p>
